
165344
20143 (base 11) to base 7
151601
7962 (base 14) to base 6
241254
Convert 1235 (base 10) to base 15.
575
-10341 (base 8) to base 16
-10e1
What is 253 (base 12) in base 8?
537
Convert 5155 (base 10) to base 9.
7057
Convert 42001 (base 6) to base 8.
12761
Convert -2411 (base 9) to base 3.
-2110101
Convert -126 (base 15) to base 8.
-405
What is -2202211 (base 3) in base 11?
-1577
What is 42540 (base 10) in base 7?
235011
21013123 (base 4) to base 15
b0e4
What is 131 (base 4) in base 16?
1d
What is -3300301 (base 4) in base 6?
-155201
Convert 14441 (base 5) to base 4.
103132
Convert -202 (base 8) to base 15.
-8a
What is 131a (base 12) in base 5?
32212
What is 1238 (base 16) in base 9?
6352
Convert 2e (base 15) to base 10.
44
What is -223223 (base 4) in base 14?
-1039
What is -166b1 (base 14) in base 4?
-31232103
-2d83 (base 14) to base 6
-101423
Convert -206 (base 16) to base 14.
-290
Convert -4a41 (base 13) to base 4.
-2210203
Convert -a925 (base 13) to base 9.
-35235
-3009 (base 12) to base 7
-21066
What is -20310 (base 4) in base 16?
-234
What is 110000 (base 2) in base 16?
30
-22326 (base 13) to base 4
-33021213
Convert 21710 (base 8) to base 11.
6978
What is -25530 (base 6) in base 13?
-19b9
Convert -1010211 (base 3) to base 4.
-31000
2112221 (base 4) to base 12
56b5
Convert 405 (base 9) to base 13.
1c4
What is -d9e (base 15) in base 4?
-300002
ab57 (base 13) to base 5
1231101
What is 1014 (base 5) in base 8?
206
Convert 35 (base 11) to base 14.
2a
Convert -262 (base 16) to base 6.
-2454
-3524 (base 6) to base 16
-34c
17a3 (base 11) to base 10
2291
What is 10265 (base 9) in base 2?
1101001111110
Convert 1156 (base 7) to base 11.
364
Convert -11011001 (base 2) to base 15.
-e7
-1233 (base 6) to base 10
-309
What is 16196 (base 12) in base 2?
111101010000010
What is 398 (base 14) in base 6?
3202
What is 150134 (base 6) in base 13?
6691
Convert aa (base 12) to base 5.
1010
Convert -1 (base 15) to base 6.
-1
Convert 10935 (base 14) to base 6.
510123
Convert -1011201 (base 4) to base 16.
-1161
10122 (base 5) to base 8
1226
15020 (base 10) to base 3
202121022
-66336 (base 7) to base 15
-4de3
What is 10302 (base 4) in base 11?
259
-11593 (base 10) to base 6
-125401
What is -d7 (base 15) in base 9?
-244
-714 (base 14) to base 6
-10234
-302 (base 10) to base 6
-1222
Convert -46337 (base 10) to base 9.
-70505
Convert -1515 (base 13) to base 6.
-22100
Convert -220024 (base 5) to base 14.
-2a4a
Convert -12000131 (base 4) to base 16.
-601d
-24032 (base 9) to base 8
-37303
What is 246 (base 14) in base 6?
2034
Convert 3303 (base 4) to base 3.
100000
What is 20252 (base 7) in base 9?
6685
Convert -10122101 (base 3) to base 11.
-1aa5
What is -1805 (base 9) in base 11?
-1047
Convert -3702 (base 11) to base 5.
-123332
-64301 (base 7) to base 8
-37066
What is -102001121 (base 3) in base 10?
-8062
What is -1357 (base 14) in base 13?
-1723
Convert 12125 (base 7) to base 11.
2409
What is 1011111010 (base 2) in base 12?
536
What is 22553 (base 7) in base 12?
340b
Convert 1003 (base 11) to base 3.
1211102
What is 7668 (base 9) in base 14?
20b9
What is -241520 (base 6) in base 10?
-21144
Convert 342 (base 10) to base 14.
1a6
Convert -12593 (base 13) to base 16.
-8480
What is 66d (base 15) in base 6?
10421
-a5b6 (base 12) to base 8
-43332
Convert -3dc (base 16) to base 9.
-1317
Convert -1000110110100101 (base 2) to base 3.
-1211202000
What is -15212 (base 14) in base 13?
-1abbb
8497 (base 13) to base 9
27177
-4231023 (base 5) to base 7
-413210
-2927 (base 10) to base 12
-183b
-1322100 (base 4) to base 6
-100120
-157 (base 13) to base 2
-11110001
Convert 312a (base 12) to base 14.
1d50
2167 (base 13) to base 2
1001000101000
Convert 10110111000100 (base 2) to base 11.
8891
110101110 (base 2) to base 13
271
What is -154314 (base 6) in base 3?
-202220101
What is 111012 (base 3) in base 7?
1016
Convert -11360 (base 7) to base 6.
-21325
What is -4252 (base 7) in base 9?
-2054
Convert -13d (base 14) to base 6.
-1055
What is -425 (base 7) in base 11?
-186
Convert -60042 (base 7) to base 2.
-11100001100100
Convert 11011110100 (base 2) to base 16.
6f4
Convert 1020211020 (base 3) to base 7.
131613
What is -1143 (base 7) in base 9?
-520
3835 (base 15) to base 7
46625
Convert 4cc1 (base 13) to base 12.
6425
Convert -10000000010 (base 2) to base 5.
-13101
What is 82c (base 15) in base 8?
3462
Convert 129b6 (base 14) to base 9.
68770
Convert 5110 (base 8) to base 16.
a48
Convert -80 (base 13) to base 2.
-1101000
589 (base 10) to base 8
1115
What is -23302311 (base 4) in base 7?
-260562
-125501 (base 6) to base 7
-45622
What is 1ac1 (base 13) in base 2?
111111001100
What is b0d (base 14) in base 12?
1309
What is -2052 (base 9) in base 2?
-10111100001
-341220 (base 5) to base 13
-5649
What is -24002 (base 6) in base 12?
-2002
134343 (base 5) to base 8
12736
200 (base 12) to base 5
2123
What is -221202 (base 3) in base 12?
-49b
-170 (base 15) to base 14
-198
-3f5 (base 16) to base 7
-2645
Convert -429 (base 10) to base 7.
-1152
46575 (base 10) to base 16
b5ef
Convert -100a9 (base 14) to base 12.
-1a399
Convert 10d3 (base 16) to base 10.
4307
Convert 114334 (base 6) to base 11.
7621
Convert 245106 (base 8) to base 3.
11021222111
Convert 124030 (base 6) to base 14.
4158
Convert -965 (base 12) to base 16.
-55d
-29eb (base 16) to base 4
-2213223
cab (base 14) to base 11
1976
-b7 (base 15) to base 7
-334
-487 (base 9) to base 6
-1511
-4046 (base 15) to base 8
-32376
Convert -1620 (base 8) to base 11.
-75a
Convert 13311320 (base 4) to base 5.
2011440
What is b5 (base 16) in base 7?
346
Convert -134420 (base 5) to base 12.
-32b6
Convert -3222 (base 7) to base 9.
-1510
301 (base 5) to base 7
136
What is -167 (base 8) in base 9?
-142
Convert -1010001101110 (base 2) to base 7.
-21151
Convert -7908 (base 12) to base 14.
-4c52
Convert 2110012 (base 3) to base 6.
12135
What is 1623 (base 7) in base 5?
10104
Convert -14149 (base 11) to base 16.
-4eab
What is 1027 (base 8) in base 4?
20113
1250 (base 10) to base 12
882
41421 (base 5) to base 15
c26
What is -36a (base 11) in base 15?
-1e4
Convert 1221110 (base 3) to base 13.
84c
-355 (base 7) to base 15
-c7
What is 1633 (base 14) in base 6?
30205
What is -1315 (base 10) in base 7?
-3556
-10110111110 (base 2) to base 8
-2676
What is -120024 (base 5) in base 7?
-15540
232c (base 14) to base 9
8345
140b (base 14) to base 6
24215
-201110 (base 3) to base 15
-250
5874 (base 9) to base 11
3304
What is 2eb0 (base 15) in base 13?
4773
What is 24740 (base 8) in base 13?
4b58
Convert -3711 (base 10) to base 7.
-13551
What is 25312 (base 7) in base 13?
3064
What is 5c3c (base 13) in base 10?
13064
What is 861 (base 10) in base 3?
1011220
Convert 110100110111 (base 2) to base 11.
25a6
Convert 7c7 (base 16) to base 14.
a23
Convert 455f (base 16) to base 4.
10111133
3c (base 16) to base 7
114
What is 42 (base 12) in base 10?
50
Convert -12db (base 14) to base 13.
-1691
Convert 311033 (base 5) to base 7.
41400
What is -11515 (base 6) in base 5?
-23303
Convert 100010110000 (base 2) to base 4.
202300
Convert 5678 (base 13) to base 11.
90a9
-2011213 (base 4) to base 9
-12651
2011102 (base 3) to base 8
3051
What is 278 (base 14) in base 6?
2150
Convert -3360 (base 7) to base 3.
-1200010
-12b (base 12) to base 16
-b3
What is -1320 (base 6) in base 4?
-11100
-26357 (base 8) to base 14
-4299
What is -2a5 (base 15) in base 14?
-313
Convert -1997 (base 16) to base 13.
-2c9c
Convert -13771 (base 13) to base 2.
-1000111001001011
What is -10001011111011 (base 2) in base 14?
-3399
Convert -ab0 (base 13) to base 9.
-2456
3d (base 14) to base 9
61
Convert 10720 (base 8) to base 7.
16203
155517 (base 8) to base 11
391aa
What is b (base 14) in base 7?
14
c74 (base 16) to base 13
15b3
Convert 2314 (base 5) to base 9.
411
What is -13550 (base 8) in base 14?
-2280
-b19c (base 14) to base 4
-13130312
3081 (base 15) to base 14
3a3c
Convert 10101110100 (base 2) to base 14.
71a
10617 (base 8) to base 12
2727
What is 2418 (base 16) in base 9?
13606
-1041 (base 8) to base 6
-2305
-51a2 (base 13) to base 5
-330121
What is -3073 (base 8) in base 16?
-63b
Convert -111100011011 (base 2) to base 12.
-22a3
Convert -5db0 (base 14) to base 16.
-4026
Convert 33221 (base 4) to base 3.
11010